{"id":1486,"date":"2022-08-15T13:55:24","date_gmt":"2022-08-15T11:55:24","guid":{"rendered":"https:\/\/hygge-haus.com\/?page_id=1486"},"modified":"2022-08-15T13:55:24","modified_gmt":"2022-08-15T11:55:24","slug":"laga-beelitz","status":"publish","type":"page","link":"https:\/\/hygge-haus.com\/en\/laga-beelitz\/","title":{"rendered":"Laga Beelitz"},"content":{"rendered":"<h1>Laga Beelitz<\/h1>\n<p>Die Landesgartenschau Beelitz &#8211; eine der drei solchen Terminen, die bundesweit im Jahr 2022 stattfinden &#8211; ist die siebte Landesgartenschau in Brandenburg und \u00f6ffnet seine Tore zwischen dem 14. April und 31. Oktober 2022. Unter dem Motto \u201eGartenfest f\u00fcr alle Sinne\u201c und dem Leitmotiv \u201eKulinarik\u201c l\u00e4dt die Spargelstatt zu einem wunderbar bl\u00fchenden Landesfest mit zahlreichen spannenden G\u00e4sten und Veranstaltungen: LAGA Beelitz. Beelitz mit seinen knapp 13.000 Einwohnern liegt inmitten des Naturparks Nuthe-Nieplitz im Landkreis Potsdam-Mittelmark, s\u00fcdwestlich von Berlin und ist von unserem HYGGE HAUS nur zw\u00f6lf Kilometer entfernt.<\/p>\n<h2>Wichtige Fakten zur Landesgartenschau Beelitz<\/h2>\n<p>Das Gel\u00e4nde der LAGA Beelitz ist 15 Hektar gro\u00df und teilt sich in den Park an dem kleinen Flu\u00df Nieplitz und in die Archeg\u00e4rten. Die duftig-bl\u00fchenden Hallenschauen finden in der Pfarrkirche St. Nikolai am Kirchplatz 1 statt. Um die Kirche herum wird ein in Regionalmarkt w\u00e4hrend der Zeit der Gartenschau seine Waren anbieten.<\/p>\n<h2>Eintrittskarten<\/h2>\n<p>Die Tageskarten f\u00fcr die Brandenburger Gartenschau kosten 17 EUR und erm\u00e4\u00dfigt 14 Euro. Dauerkarten sind f\u00fcr 110 EUR zu haben &#8211; wer t\u00e4glich das Blumenevent besuchen w\u00fcrde, w\u00fcrde nur 55 Cent pro Tag zahlen.. Kinder und Jugendliche bis zum vollendeten 15. Lebensjahr genie\u00dfen einen kostenfreien Eintritt. Damit ist die Landesgartenschau in Beelitz die erste Gartenschau im Land Brandenburg, die Familien im besonderen Ma\u00dfe f\u00f6rdert.<\/p>\n<h2>Termine f\u00fcr Landesgartenschau 2022 und 2023:<\/h2>\n<p>\u2022 14.4. \u2013 31.10.2022: LAGA Beelitz<br \/>\n\u2022 14.04. \u2013 09.10.2022: LAGA Bad Gandersheim<br \/>\n\u2022 23.04. \u2013\u00a0 09.10.2022: LAGA Torgau<br \/>\n\u2022 14.04. \u2013 08.10.2023: BUGA Mannheim<br \/>\n\u2022 22.04. \u2013 03.10.2022: LAGA Neuenburg am Rhein<\/p>\n<p>&nbsp;<\/p>\n<p>&nbsp;<\/p>\n","protected":false},"excerpt":{"rendered":"<p>Laga Beelitz Die Landesgartenschau Beelitz &#8211; eine der drei solchen Terminen, die bundesweit im Jahr 2022 stattfinden &#8211; ist die siebte Landesgartenschau in Brandenburg und \u00f6ffnet seine Tore zwischen dem 14. April und 31. Oktober 2022. Unter dem Motto \u201eGartenfest f\u00fcr alle Sinne\u201c und dem Leitmotiv \u201eKulinarik\u201c l\u00e4dt die Spargelstatt zu einem wunderbar bl\u00fchenden Landesfest [&hellip;]<\/p>\n","protected":false},"author":1,"featured_media":1195,"parent":0,"menu_order":0,"comment_status":"closed","ping_status":"closed","template":"","meta":{"footnotes":""},"class_list":["post-1486","page","type-page","status-publish","has-post-thumbnail","hentry"],"yoast_head":"<!-- This site is optimized with the Yoast SEO plugin v26.3 - https:\/\/yoast.com\/wordpress\/plugins\/seo\/ -->\n<title>Laga Beelitz: Landesgartenschau 2022 - HYGGE HAUS<\/title>\n<meta name=\"description\" content=\"LAGA Beelitz l\u00e4dt 14. 4. - 31. 10.2022 nach Brandenburg ein. G\u00e4ste der Landesgartenschau finden in HYGGE HAUS eine stillvolle \u00dcbernachtung .\" \/>\n<meta name=\"robots\" content=\"index, follow, max-snippet:-1, max-image-preview:large, max-video-preview:-1\" \/>\n<link rel=\"canonical\" href=\"https:\/\/hygge-haus.com\/en\/laga-beelitz\/\" \/>\n<meta property=\"og:locale\" content=\"en_US\" \/>\n<meta property=\"og:type\" content=\"article\" \/>\n<meta property=\"og:title\" content=\"67\" \/>\n<meta property=\"og:description\" content=\"60\" \/>\n<meta property=\"og:url\" content=\"https:\/\/hygge-haus.com\/en\/laga-beelitz\/\" \/>\n<meta property=\"og:site_name\" content=\"HYGGE HAUS\" \/>\n<meta property=\"og:image\" content=\"http:\/\/false\" \/>\n<meta name=\"twitter:card\" content=\"summary_large_image\" \/>\n<meta name=\"twitter:label1\" content=\"Est. reading time\" \/>\n\t<meta name=\"twitter:data1\" content=\"2 minutes\" \/>\n<script type=\"application\/ld+json\" class=\"yoast-schema-graph\">{\"@context\":\"https:\/\/schema.org\",\"@graph\":[{\"@type\":\"WebPage\",\"@id\":\"https:\/\/hygge-haus.com\/en\/laga-beelitz\/\",\"url\":\"https:\/\/hygge-haus.com\/en\/laga-beelitz\/\",\"name\":\"Laga Beelitz: Landesgartenschau 2022 - HYGGE HAUS\",\"isPartOf\":{\"@id\":\"https:\/\/hygge-haus.com\/#website\"},\"primaryImageOfPage\":{\"@id\":\"https:\/\/hygge-haus.com\/en\/laga-beelitz\/#primaryimage\"},\"image\":{\"@id\":\"https:\/\/hygge-haus.com\/en\/laga-beelitz\/#primaryimage\"},\"thumbnailUrl\":\"https:\/\/hygge-haus.com\/wp-content\/uploads\/2022\/02\/laga-beelitz.jpg\",\"datePublished\":\"2022-08-15T11:55:24+00:00\",\"description\":\"LAGA Beelitz l\u00e4dt 14. 4. - 31. 10.2022 nach Brandenburg ein. G\u00e4ste der Landesgartenschau finden in HYGGE HAUS eine stillvolle \u00dcbernachtung .\",\"breadcrumb\":{\"@id\":\"https:\/\/hygge-haus.com\/en\/laga-beelitz\/#breadcrumb\"},\"inLanguage\":\"en-US\",\"potentialAction\":[{\"@type\":\"ReadAction\",\"target\":[\"https:\/\/hygge-haus.com\/en\/laga-beelitz\/\"]}]},{\"@type\":\"ImageObject\",\"inLanguage\":\"en-US\",\"@id\":\"https:\/\/hygge-haus.com\/en\/laga-beelitz\/#primaryimage\",\"url\":\"https:\/\/hygge-haus.com\/wp-content\/uploads\/2022\/02\/laga-beelitz.jpg\",\"contentUrl\":\"https:\/\/hygge-haus.com\/wp-content\/uploads\/2022\/02\/laga-beelitz.jpg\",\"width\":1500,\"height\":720,\"caption\":\"LAGA Beelitz - Landesgartenschau 2022\"},{\"@type\":\"BreadcrumbList\",\"@id\":\"https:\/\/hygge-haus.com\/en\/laga-beelitz\/#breadcrumb\",\"itemListElement\":[{\"@type\":\"ListItem\",\"position\":1,\"name\":\"Startseite\",\"item\":\"https:\/\/hygge-haus.com\/\"},{\"@type\":\"ListItem\",\"position\":2,\"name\":\"Laga Beelitz\"}]},{\"@type\":\"WebSite\",\"@id\":\"https:\/\/hygge-haus.com\/#website\",\"url\":\"https:\/\/hygge-haus.com\/\",\"name\":\"HYGGE HAUS\",\"description\":\"Nachhaltiger Urlaub in Brandenburg\",\"potentialAction\":[{\"@type\":\"SearchAction\",\"target\":{\"@type\":\"EntryPoint\",\"urlTemplate\":\"https:\/\/hygge-haus.com\/?s={search_term_string}\"},\"query-input\":{\"@type\":\"PropertyValueSpecification\",\"valueRequired\":true,\"valueName\":\"search_term_string\"}}],\"inLanguage\":\"en-US\"}]}<\/script>\n<!-- \/ Yoast SEO plugin. -->","yoast_head_json":{"title":"Laga Beelitz: Landesgartenschau 2022 - HYGGE HAUS","description":"LAGA Beelitz l\u00e4dt 14. 4. - 31. 10.2022 nach Brandenburg ein. G\u00e4ste der Landesgartenschau finden in HYGGE HAUS eine stillvolle \u00dcbernachtung .","robots":{"index":"index","follow":"follow","max-snippet":"max-snippet:-1","max-image-preview":"max-image-preview:large","max-video-preview":"max-video-preview:-1"},"canonical":"https:\/\/hygge-haus.com\/en\/laga-beelitz\/","og_locale":"en_US","og_type":"article","og_title":"67","og_description":"60","og_url":"https:\/\/hygge-haus.com\/en\/laga-beelitz\/","og_site_name":"HYGGE HAUS","og_image":[{"url":"false","type":"","width":"","height":""}],"twitter_card":"summary_large_image","twitter_misc":{"Est. reading time":"2 minutes"},"schema":{"@context":"https:\/\/schema.org","@graph":[{"@type":"WebPage","@id":"https:\/\/hygge-haus.com\/en\/laga-beelitz\/","url":"https:\/\/hygge-haus.com\/en\/laga-beelitz\/","name":"Laga Beelitz: Landesgartenschau 2022 - HYGGE HAUS","isPartOf":{"@id":"https:\/\/hygge-haus.com\/#website"},"primaryImageOfPage":{"@id":"https:\/\/hygge-haus.com\/en\/laga-beelitz\/#primaryimage"},"image":{"@id":"https:\/\/hygge-haus.com\/en\/laga-beelitz\/#primaryimage"},"thumbnailUrl":"https:\/\/hygge-haus.com\/wp-content\/uploads\/2022\/02\/laga-beelitz.jpg","datePublished":"2022-08-15T11:55:24+00:00","description":"LAGA Beelitz l\u00e4dt 14. 4. - 31. 10.2022 nach Brandenburg ein. G\u00e4ste der Landesgartenschau finden in HYGGE HAUS eine stillvolle \u00dcbernachtung .","breadcrumb":{"@id":"https:\/\/hygge-haus.com\/en\/laga-beelitz\/#breadcrumb"},"inLanguage":"en-US","potentialAction":[{"@type":"ReadAction","target":["https:\/\/hygge-haus.com\/en\/laga-beelitz\/"]}]},{"@type":"ImageObject","inLanguage":"en-US","@id":"https:\/\/hygge-haus.com\/en\/laga-beelitz\/#primaryimage","url":"https:\/\/hygge-haus.com\/wp-content\/uploads\/2022\/02\/laga-beelitz.jpg","contentUrl":"https:\/\/hygge-haus.com\/wp-content\/uploads\/2022\/02\/laga-beelitz.jpg","width":1500,"height":720,"caption":"LAGA Beelitz - Landesgartenschau 2022"},{"@type":"BreadcrumbList","@id":"https:\/\/hygge-haus.com\/en\/laga-beelitz\/#breadcrumb","itemListElement":[{"@type":"ListItem","position":1,"name":"Startseite","item":"https:\/\/hygge-haus.com\/"},{"@type":"ListItem","position":2,"name":"Laga Beelitz"}]},{"@type":"WebSite","@id":"https:\/\/hygge-haus.com\/#website","url":"https:\/\/hygge-haus.com\/","name":"HYGGE HAUS","description":"Nachhaltiger Urlaub in Brandenburg","potentialAction":[{"@type":"SearchAction","target":{"@type":"EntryPoint","urlTemplate":"https:\/\/hygge-haus.com\/?s={search_term_string}"},"query-input":{"@type":"PropertyValueSpecification","valueRequired":true,"valueName":"search_term_string"}}],"inLanguage":"en-US"}]}},"_links":{"self":[{"href":"https:\/\/hygge-haus.com\/en\/wp-json\/wp\/v2\/pages\/1486","targetHints":{"allow":["GET"]}}],"collection":[{"href":"https:\/\/hygge-haus.com\/en\/wp-json\/wp\/v2\/pages"}],"about":[{"href":"https:\/\/hygge-haus.com\/en\/wp-json\/wp\/v2\/types\/page"}],"author":[{"embeddable":true,"href":"https:\/\/hygge-haus.com\/en\/wp-json\/wp\/v2\/users\/1"}],"replies":[{"embeddable":true,"href":"https:\/\/hygge-haus.com\/en\/wp-json\/wp\/v2\/comments?post=1486"}],"version-history":[{"count":2,"href":"https:\/\/hygge-haus.com\/en\/wp-json\/wp\/v2\/pages\/1486\/revisions"}],"predecessor-version":[{"id":1496,"href":"https:\/\/hygge-haus.com\/en\/wp-json\/wp\/v2\/pages\/1486\/revisions\/1496"}],"wp:featuredmedia":[{"embeddable":true,"href":"https:\/\/hygge-haus.com\/en\/wp-json\/wp\/v2\/media\/1195"}],"wp:attachment":[{"href":"https:\/\/hygge-haus.com\/en\/wp-json\/wp\/v2\/media?parent=1486"}],"curies":[{"name":"wp","href":"https:\/\/api.w.org\/{rel}","templated":true}]}}

<h1>Laga Beelitz</h1>
<p>Die Landesgartenschau Beelitz &#8211; eine der drei solchen Terminen, die bundesweit im Jahr 2022 stattfinden &#8211; ist die siebte Landesgartenschau in Brandenburg und öffnet seine Tore zwischen dem 14. April und 31. Oktober 2022. Unter dem Motto „Gartenfest für alle Sinne“ und dem Leitmotiv „Kulinarik“ lädt die Spargelstatt zu einem wunderbar blühenden Landesfest mit zahlreichen spannenden Gästen und Veranstaltungen: LAGA Beelitz. Beelitz mit seinen knapp 13.000 Einwohnern liegt inmitten des Naturparks Nuthe-Nieplitz im Landkreis Potsdam-Mittelmark, südwestlich von Berlin und ist von unserem HYGGE HAUS nur zwölf Kilometer entfernt.</p>
<h2>Wichtige Fakten zur Landesgartenschau Beelitz</h2>
<p>Das Gelände der LAGA Beelitz ist 15 Hektar groß und teilt sich in den Park an dem kleinen Fluß Nieplitz und in die Archegärten. Die duftig-blühenden Hallenschauen finden in der Pfarrkirche St. Nikolai am Kirchplatz 1 statt. Um die Kirche herum wird ein in Regionalmarkt während der Zeit der Gartenschau seine Waren anbieten.</p>
<h2>Eintrittskarten</h2>
<p>Die Tageskarten für die Brandenburger Gartenschau kosten 17 EUR und ermäßigt 14 Euro. Dauerkarten sind für 110 EUR zu haben &#8211; wer täglich das Blumenevent besuchen würde, würde nur 55 Cent pro Tag zahlen.. Kinder und Jugendliche bis zum vollendeten 15. Lebensjahr genießen einen kostenfreien Eintritt. Damit ist die Landesgartenschau in Beelitz die erste Gartenschau im Land Brandenburg, die Familien im besonderen Maße fördert.</p>
<h2>Termine für Landesgartenschau 2022 und 2023:</h2>
<p>• 14.4. – 31.10.2022: LAGA Beelitz<br />
• 14.04. – 09.10.2022: LAGA Bad Gandersheim<br />
• 23.04. –  09.10.2022: LAGA Torgau<br />
• 14.04. – 08.10.2023: BUGA Mannheim<br />
• 22.04. – 03.10.2022: LAGA Neuenburg am Rhein</p>
<p>&nbsp;</p>
<p>&nbsp;</p>

<p>Laga Beelitz Die Landesgartenschau Beelitz &#8211; eine der drei solchen Terminen, die bundesweit im Jahr 2022 stattfinden &#8211; ist die siebte Landesgartenschau in Brandenburg und öffnet seine Tore zwischen dem 14. April und 31. Oktober 2022. Unter dem Motto „Gartenfest für alle Sinne“ und dem Leitmotiv „Kulinarik“ lädt die Spargelstatt zu einem wunderbar blühenden Landesfest [&hellip;]</p>

<!-- This site is optimized with the Yoast SEO plugin v26.3 - https://yoast.com/wordpress/plugins/seo/ -->
<title>Laga Beelitz: Landesgartenschau 2022 - HYGGE HAUS</title>
<meta name="description" content="LAGA Beelitz lädt 14. 4. - 31. 10.2022 nach Brandenburg ein. Gäste der Landesgartenschau finden in HYGGE HAUS eine stillvolle Übernachtung ." />
<meta name="robots" content="index, follow, max-snippet:-1, max-image-preview:large, max-video-preview:-1" />
<link rel="canonical" href="https://hygge-haus.com/en/laga-beelitz/" />
<meta property="og:locale" content="en_US" />
<meta property="og:type" content="article" />
<meta property="og:title" content="67" />
<meta property="og:description" content="60" />
<meta property="og:url" content="https://hygge-haus.com/en/laga-beelitz/" />
<meta property="og:site_name" content="HYGGE HAUS" />
<meta property="og:image" content="http://false" />
<meta name="twitter:card" content="summary_large_image" />
<meta name="twitter:label1" content="Est. reading time" />
	<meta name="twitter:data1" content="2 minutes" />
<script type="application/ld+json" class="yoast-schema-graph">{"@context":"https://schema.org","@graph":[{"@type":"WebPage","@id":"https://hygge-haus.com/en/laga-beelitz/","url":"https://hygge-haus.com/en/laga-beelitz/","name":"Laga Beelitz: Landesgartenschau 2022 - HYGGE HAUS","isPartOf":{"@id":"https://hygge-haus.com/#website"},"primaryImageOfPage":{"@id":"https://hygge-haus.com/en/laga-beelitz/#primaryimage"},"image":{"@id":"https://hygge-haus.com/en/laga-beelitz/#primaryimage"},"thumbnailUrl":"https://hygge-haus.com/wp-content/uploads/2022/02/laga-beelitz.jpg","datePublished":"2022-08-15T11:55:24+00:00","description":"LAGA Beelitz lädt 14. 4. - 31. 10.2022 nach Brandenburg ein. Gäste der Landesgartenschau finden in HYGGE HAUS eine stillvolle Übernachtung .","breadcrumb":{"@id":"https://hygge-haus.com/en/laga-beelitz/#breadcrumb"},"inLanguage":"en-US","potentialAction":[{"@type":"ReadAction","target":["https://hygge-haus.com/en/laga-beelitz/"]}]},{"@type":"ImageObject","inLanguage":"en-US","@id":"https://hygge-haus.com/en/laga-beelitz/#primaryimage","url":"https://hygge-haus.com/wp-content/uploads/2022/02/laga-beelitz.jpg","contentUrl":"https://hygge-haus.com/wp-content/uploads/2022/02/laga-beelitz.jpg","width":1500,"height":720,"caption":"LAGA Beelitz - Landesgartenschau 2022"},{"@type":"BreadcrumbList","@id":"https://hygge-haus.com/en/laga-beelitz/#breadcrumb","itemListElement":[{"@type":"ListItem","position":1,"name":"Startseite","item":"https://hygge-haus.com/"},{"@type":"ListItem","position":2,"name":"Laga Beelitz"}]},{"@type":"WebSite","@id":"https://hygge-haus.com/#website","url":"https://hygge-haus.com/","name":"HYGGE HAUS","description":"Nachhaltiger Urlaub in Brandenburg","potentialAction":[{"@type":"SearchAction","target":{"@type":"EntryPoint","urlTemplate":"https://hygge-haus.com/?s={search_term_string}"},"query-input":{"@type":"PropertyValueSpecification","valueRequired":true,"valueName":"search_term_string"}}],"inLanguage":"en-US"}]}</script>
<!-- / Yoast SEO plugin. -->

LAGA Beelitz lädt 14. 4. - 31. 10.2022 nach Brandenburg ein. Gäste der Landesgartenschau finden in HYGGE HAUS eine stillvolle Übernachtung .
